 m be ((-2)/3)/((-7)/105). Let a = 29 - 25. Calculate the greatest common factor of m and a.
2
Let p(j) = -j**3 - 6*j**2 - 2*j - 8. Let o be p(-6). Suppose -29 = -l + o. Let q be (-66)/(-8)*(-12)/(-9). What is the greatest common factor of l and q?
11
Suppose 5*i = 4*w - 22 - 1, 0 = -2*w - 3*i - 5. Suppose -5*t + v + w*v = -219, 0 = 2*t + 2*v - 94. Calculate the greatest common divisor of t and 15.
15
Let m be 3 + 0 + 45/1. Calculate the highest common divisor of m and 108.
12
Let n be (-66)/(-6) - (0 + 4). Suppose 5*o - y = -0*y + 34, 5*y = -4*o + 33. Let x be o*-1*(-3 + 2). Calculate the greatest common divisor of x and n.
7
Let w = -478 + 990. Calculate the highest common factor of 32 and w.
32
Suppose j + 3*v - 62 = 0, -258 = -4*j - 3*v + v. Let q = 1084 + -1058. Calculate the highest common factor of j and q.
13
Suppose -73*w = -776 + 265. Suppose 0 = 2*a - 95 - 19. Let x = 120 - a. What is the greatest common divisor of x and w?
7
Let m(c) = -c**2 - 10*c + 3. Let f be m(-6). Suppose 3*b + 2 = 4*b. Suppose 0 = q + b*q - 324. What is the greatest common factor of q and f?
27
Let t be 70/63 - 1 - 647/(-9). Suppose 2 = -h - 3, 3*h = -5*s + 75. Calculate the highest common factor of s and t.
18
Suppose 4*i + 56 = 148. Suppose -10 = -5*m - 5. Let o = i - m. What is the greatest common divisor of 33 and o?
11
Let y = -9 + 21. Let k(i) = -220*i - 3460. Let n be k(-16). What is the greatest common factor of n and y?
12
Let a(z) = -z**3 + 7*z**2 - 6*z + 6. Let o be a(5). Let s(c) = 6*c**2 - 37*c - 10. Let h be s(8). What is the highest common divisor of o and h?
26
Let i be 216/20 + 36/30. What is the greatest common factor of i and 642?
6
Let p = 1101 + -1076. What is the greatest common divisor of 25 and p?
25
Let z be (-1 + -24)/(60/(-24)). Calculate the highest common factor of 190 and z.
10
Suppose -24*z + 22*z = -66. Suppose 38*g - z*g = 50. What is the highest common divisor of g and 110?
10
Suppose 0 = 6*g - 70 - 68. What is the highest common divisor of 184 and g?
23
Suppose -34*p = -657 - 23. Let w be (-4)/(-6)*3*2. Calculate the highest common divisor of w and p.
4
Let a be 3 - -10*(-78 - -3). Let s be (-5)/(a/(-150) + -5). Calculate the highest common factor of s and 100.
50
Suppose -3*y = p - 50, 5*y - 2*p - 44 = 3*y. Let l = y + -12. What is the highest common factor of l and 6?
6
Suppose -16*h - 4358 = -18*h - 4*d, -h = 3*d - 2176. Calculate the highest common factor of h and 115.
115
Let w(u) = -u**3 + 15*u**2 + 2*u + 15. Let y be w(15). Suppose 44*l + 58 = y*l. Calculate the greatest common factor of 29 and l.
29
Let q(l) be the third derivative of 0 + 0*l - 4*l**2 + 1/6*l**4 + 4/3*l**3. Let m be q(4). What is the highest common factor of m and 8?
8
Suppose -6*n - 168 = -13*n. What is the greatest common factor of 120 and n?
24
Suppose -o + 3*a = 8, 0 = -2*a - 3*a + 15. What is the highest common factor of 22 and o?
1
Let q(v) = -36*v - 132. Let w be q(-5). Let o = -5 - -41. What is the greatest common factor of w and o?
12
Let r be 2 + (-6 - (-1 - 1)). Let d be 1*-1*r*(-18)/(-4). What is the greatest common factor of 225 and d?
9
Let k = 230 - 122. Let w be (k/(-16))/((-6)/16). Let x = -85 + 139. Calculate the greatest common factor of x and w.
18
Suppose 0 = -2*l + 6. Suppose -s - o = -5*o - 4, l*s - 2*o - 12 = 0. Let c be 2/4 - 174/(-4). What is the highest common divisor of c and s?
4
Let p = -2 - -67. Let j(g) = 10*g - 4. Suppose -12 = -h - 3*h - 2*t, 2*h = 5*t + 6. Let f be j(h). Calculate the greatest common factor of p and f.
13
Let a = 256 - 143. Let k = -23 + a. Calculate the greatest common divisor of 10 and k.
10
Suppose 5*t + 56 = 476. Suppose -34*q + 36*q - 24 = 0. Calculate the greatest common factor of t and q.
12
Let n be ((-8)/24)/((-1)/(-6)). Let q be ((-288)/(-28))/(n/(-14)). What is the highest common divisor of 48 and q?
24
Let f = 265 + -160. Let m be 30/14 + (-2)/14. Suppose m*k = -5*a + f, 5*k - 190 = 2*a - 0*a. What is the highest common divisor of 8 and k?
8
Suppose x - 34 = -5*p, 104 + 0 = 5*x + 3*p. Suppose x*f = 18*f + 17. Let w be (3 - -3*17) + -3. Calculate the greatest common factor of w and f.
17
Let p = 268 + -225. Calculate the highest common factor of p and 172.
43
Let y(k) = -6*k**3 + 11*k + 19. Let z be y(-2). Calculate the greatest common divisor of 30 and z.
15
Suppose 2*v - 3*y - 77 = 164, -2*y = 6. Suppose -2*t = 5*a - 155, 49*t = 5*a + 44*t - 120. Calculate the greatest common factor of v and a.
29
Suppose 5*k - 3*a - 5314 = 0, -202 = -k + 4*a + 854. Calculate the greatest common factor of 56 and k.
56
Let t be (0 - (-8)/7)*238/68. Suppose -k - 8 - t = -4*l, -2*k = 0. What is the highest common divisor of 24 and l?
3
Let v = 573 - 537. What is the highest common factor of 576 and v?
36
Let p(f) = -f**2 + 12*f - 15. Suppose 12 = -7*b + 82. Let m be p(b). What is the greatest common divisor of 45 and m?
5
Let p be (222 - -2) + 1*(-6)/3. What is the highest common divisor of p and 18?
6
Let m be -3*(-8 + 3)/5. Suppose m*f + f - 48 = 0. Calculate the greatest common divisor of f and 108.
12
Let a = 34 + -32. Let d be (-826)/(-56) - a/(-8). What is the highest common factor of 165 and d?
15
Let z = 10 + -10. Suppose -v = -4 - z. Suppose -50 = -t - v*t - 5*s, 0 = -5*s - 15. Calculate the highest common divisor of t and 65.
13
Let i(w) = 2*w - 2. Let p be i(2). Let o be p*(4 + (-179)/(-2)). Let v(d) = 7*d - 4. Let t be v(3). What is the greatest common factor of o and t?
17
Let p(f) = 2*f**2 + 22*f - 93. Let x be p(4). Calculate the highest common divisor of x and 81.
27
Let s be 107 - (-1 + 2)*2. Suppose z = -10*l + 7*l + 127, 209 = 5*l - z. Calculate the highest common factor of s and l.
21
Let x = -2047 + 2337. What is the highest common factor of x and 406?
58
Let l(h) = h**2 - 7*h - 6. Let p be l(-4). Let u be (-1)/2*19*-10. Calculate the greatest common divisor of p and u.
19
Let v(z) = 3*z - 3. Let o be v(2). Let i(a) = -a**2 - 2*a + 350. Let w be i(-19). What is the greatest common factor of o and w?
3
Let p = 528 - 416. Calculate the highest common factor of p and 21.
7
Let w = 108 + -50. Calculate the greatest common divisor of 290 and w.
58
Suppose 2*r + 4 = -2*a, -4 = -5*a + 2*a + 2*r. Suppose a = -5*z + 8 + 7. Suppose z*n + 275 = 4*n. Calculate the highest common divisor of 25 and n.
25
Let u be (-14)/(-4) - 2/4. Suppose u*c - 144 = -3*g - 2*g, 5*c = 2*g - 39. Calculate the greatest common divisor of g and 27.
27
Suppose 2*r - t + 1 = -4, 0 = -r + 3*t - 5. Let n be ((-1)/r)/((-2)/(-8)). What is the highest common divisor of 16 and n?
2
Let p(f) = 14*f**2 + 18 + 16*f + 9*f**3 - 13*f**3 + 3*f**3. Let k be p(15). Let y be (55/k)/(2/24). What is the greatest common factor of 4 and y?
4
Let y(q) = -3*q + 4. Let j be y(-7). What is the greatest common divisor of j and 1?
1
Suppose -228 = -5*d + 432. What is the highest common factor of d and 48?
12
Let x be 5 + 0 - 18/9. What is the greatest common factor of x and 9?
3
Let o(j) = j**3 - 7*j**2 + j + 9. Let b be o(6). Suppose -12 = 2*i + 14. Let p = i - b. Calculate the highest common factor of 56 and p.
8
Suppose 186*y = 178*y + 1056. Calculate the greatest common divisor of 552 and y.
12
Let c = 1529 + -1349. What is the greatest common factor of c and 126?
18
Suppose -3*c + 108 = c - 4*w, 3*c + 2*w - 56 = 0. Suppose 11 = 6*k - 5*k - 5*x, -2*k = 4*x - c. Calculate the greatest common divisor of 22 and k.
11
Let h = -979 + 1021. Calculate the highest common factor of 182 and h.
14
Let o be (12/(4 - 6))/((-2)/45). What is the greatest common divisor of 27 and o?
27
Suppose -5*t - 7 = 3*m, 0*m + m + 5*t = -19. Let b be (8/5)/(-2*m/(-150)). Let f = 25 + -15. Calculate the highest common divisor of f and b.
10
Let f be (-324)/6*-1 - 0/2. Let l(q) = 2*q**2 - 2*q - 2. Let h be l(2). Let k be (-4)/(1 - h) - -2. What is the highest common divisor of f and k?
6
Let z be 165/110 - (-117)/2. What is the highest common factor of z and 15?
15
Let y = 49 - 10. Calculate the greatest common divisor of y and 6.
3
Suppose 215 = 16*i - 137. Calculate the greatest common factor of i and 99.
11
Let n be (-4)/12 + 154/(-6). Let u = n - 10. Let y be ((-17)/2 + 2)*u. What is the greatest common divisor of y and 26?
26
Let w be 8*(-3)/(-6) - (-5 + 3). Let 